tor of 646877 and 271?
271
Calculate the greatest common factor of 1715 and 303310.
245
What is the greatest common divisor of 136 and 217072?
8
What is the highest common factor of 5265 and 11505?
195
Calculate the highest common factor of 9248 and 218.
2
Calculate the highest common divisor of 8151 and 119757.
627
Calculate the highest common factor of 2623 and 46569.
43
Calculate the highest common divisor of 283283 and 429.
143
What is the highest common factor of 7 and 160272?
7
Calculate the greatest common factor of 2504 and 12724076.
1252
Calculate the greatest common factor of 236680 and 122.
122
What is the highest common divisor of 1977237 and 67?
67
Calculate the highest common divisor of 366 and 8174.
122
What is the greatest common factor of 70920 and 216?
72
Calculate the greatest common factor of 211260 and 45.
15
Calculate the highest common factor of 4085 and 61834.
43
Calculate the highest common divisor of 15369 and 327.
327
What is the greatest common divisor of 44 and 638?
22
Calculate the highest common factor of 2247602 and 518.
518
Calculate the greatest common factor of 835 and 20280.
5
Calculate the highest common divisor of 2265 and 570.
15
What is the highest common factor of 421 and 362902?
421
Calculate the highest common divisor of 30 and 5742.
6
What is the highest common factor of 470979 and 27?
9
Calculate the greatest common divisor of 2466 and 87.
3
What is the greatest common factor of 11 and 109846?
11
What is the greatest common divisor of 11211 and 1212?
303
Calculate the highest common divisor of 872097 and 1788.
447
What is the greatest common divisor of 1309099 and 124?
31
Calculate the highest common divisor of 169 and 6409.
13
What is the highest common divisor of 2438891 and 182?
91
What is the highest common factor of 16 and 262952?
8
Calculate the highest common divisor of 1568 and 441.
49
What is the highest common divisor of 27940 and 10795?
635
Calculate the greatest common factor of 328 and 735294.
82
Calculate the highest common factor of 416 and 91858.
26
Calculate the greatest common factor of 136840 and 7480.
440
What is the greatest common divisor of 176 and 216304?
176
What is the greatest common divisor of 858 and 3011294?
286
What is the greatest common factor of 204063 and 2168?
271
Calculate the greatest common divisor of 13417 and 28.
1
What is the greatest common factor of 3 and 19002?
3
What is the greatest common factor of 196 and 92561?
49
What is the greatest common divisor of 29 and 504281?
29
Calculate the highest common factor of 7089 and 9.
3
Calculate the greatest common factor of 5408 and 4576.
416
Calculate the highest common divisor of 221832 and 1053.
351
Calculate the greatest common divisor of 51 and 276369.
51
Calculate the greatest common divisor of 11330 and 515.
515
Calculate the greatest common factor of 168 and 8764.
28
What is the highest common divisor of 741 and 559?
13
Calculate the greatest common factor of 134 and 93733.
67
What is the highest common divisor of 624 and 332202?
78
Calculate the greatest common divisor of 25104 and 12.
12
What is the highest common factor of 801034 and 286?
26
What is the highest common factor of 2129 and 14?
1
Calculate the greatest common divisor of 607 and 350239.
607
What is the highest common factor of 10 and 346400?
10
What is the highest common factor of 810432 and 268?
268
Calculate the highest common divisor of 22 and 28622.
22
What is the highest common factor of 98 and 4462577?
49
What is the greatest common divisor of 4185 and 205?
5
What is the highest common factor of 300 and 60276?
12
What is the highest common divisor of 252 and 4140?
36
What is the greatest common factor of 433588 and 732?
244
Calculate the greatest common factor of 61760 and 1920.
320
What is the greatest common factor of 1085 and 4130?
35
What is the highest common factor of 99 and 1575?
9
What is the highest common factor of 805 and 20447?
161
Calculate the highest common factor of 60140 and 1178.
62
What is the highest common factor of 4887 and 17557?
181
What is the highest common factor of 861209 and 109?
109
Calculate the highest common divisor of 22308 and 2090.
22
What is the greatest common factor of 520093 and 778?
389
What is the greatest common factor of 2074 and 8662?
122
Calculate the highest common divisor of 26875 and 3575.
25
Calculate the greatest common factor of 8967350 and 280.
70
What is the highest common factor of 150749 and 889?
127
What is the highest common factor of 91582 and 29?
29
What is the highest common divisor of 5337 and 14825?
593
Calculate the greatest common factor of 1152 and 59776.
128
What is the greatest common factor of 425 and 80525?
25
What is the greatest common divisor of 1029 and 117600?
147
What is the highest common divisor of 4738 and 6946?
46
What is the greatest common divisor of 5346 and 18954?
486
What is the greatest common factor of 24 and 24200?
8
What is the greatest common divisor of 440 and 1628?
44
What is the greatest common factor of 130 and 1495?
65
Calculate the greatest common divisor of 990995 and 470.
235
Calculate the highest common factor of 56609 and 7.
7
Calculate the greatest common divisor of 190 and 630.
10
Calculate the greatest common divisor of 163908 and 144.
36
Calculate the highest common factor of 2054 and 26.
26
What is the greatest common factor of 10470 and 45?
15
Calculate the highest common factor of 19683 and 6075.
243
Calculate the highest common divisor of 27335547 and 171.
171
Calculate the highest common factor of 20 and 680660.
20
What is the greatest common factor of 29054 and 1898?
146
Calculate the highest common factor of 801 and 450.
9
Calculate the highest common factor of 26608 and 64.
16
What is the highest common factor of 136838 and 1976?
494
Calculate the highest common factor of 207 and 177192.
207
What is the highest common divisor of 47880 and 5?
5
What is the highest common divisor of 65726 and 472?
118
What is the greatest common divisor of 194034 and 8760?
438
What is the highest common divisor of 189 and 1183?
7
Calculate the highest common factor of 636 and 76744.
212
What is the highest common divisor of 29120 and 105?
35
Calculate the highest common divisor of 299290 and 15.
5
What is the highest common divisor of 44703 and 135?
9
Calculate the greatest common divisor of 16 and 157568.
16
Calculate the greatest common factor of 37845 and 14355.
1305
What is the greatest common divisor of 4841 and 3008?
47
Calculate the greatest common divisor of 6030 and 77184.
1206
Calculate the greatest common factor of 34226 and 436.
218
Calculate the greatest common factor of 39299 and 65.
13
What is the highest common divisor of 952 and 2604?
28
Calculate the highest common factor of 4890 and 150.
30
What is the greatest common divisor of 3 and 29373?
3
What is the highest common factor of 142025 and 874?
437
Calculate the highest common divisor of 630 and 177646.
14
What is the greatest common factor of 158 and 171746?
158
What is the greatest common factor of 135386 and 10147?
139
What is the greatest common divisor of 45498 and 24?
6
Calculate the greatest common factor of 1506 and 2670389.
251
Calculate the greatest common factor of 113084 and 68.
68
Calculate the greatest common factor of 50 and 22870.
10
What is the greatest common divisor of 420 and 31220?
140
Calculate the greatest common divisor of 275 and 10967.
11
What is the highest common factor of 734198 and 139?
139
Calculate the highest common factor of 7527 and 672.
3
What is the highest common factor of 65472 and 13992?
264
Calculate the greatest common factor of 42 and 6078.
6
What is the greatest common factor of 1881 and 132183?
171
What is the highest common factor of 614542 and 218?
218
What is the greatest common factor of 151364 and 5056?
316
Calculate the greatest common factor of 21 and 2611.
7
Calculate the greatest common factor of 182 and 29162.
14
Calculate the greatest common factor of 12 and 53226.
6
Calculate the greatest common factor of 35 and 721210.
35
Calculate the highest common divisor of 1305 and 225.
45
Calculate the greatest common factor of 29146 and 608.
38
What is the greatest common factor of 241831 and 3596?
899
What is the highest 